{"id":747,"date":"2018-06-28T02:01:22","date_gmt":"2018-06-28T05:01:22","guid":{"rendered":"https:\/\/pesmartinez-sjn.infd.edu.ar\/sitio\/profesorado-de-educacion-especial-con-orientacion-en-sordos-e-hipoacusicos\/"},"modified":"2022-12-20T10:22:19","modified_gmt":"2022-12-20T13:22:19","slug":"profesorado-de-educacion-especial-con-orientacion-en-sordos-e-hipoacusicos","status":"publish","type":"page","link":"https:\/\/pesmartinez-sjn.infd.edu.ar\/sitio\/profesorado-de-educacion-especial-con-orientacion-en-sordos-e-hipoacusicos\/","title":{"rendered":"Profesorado de Educaci\u00f3n Especial con Orientaci\u00f3n en Sordos e Hipoac\u00fasicos"},"content":{"rendered":"\n<p><span style=\"font-size: 10pt; font-family: verdana,geneva;\">&nbsp;<\/span><\/p>\n\n\n\n<div class=\"wp-block-columns is-layout-flex wp-container-2\">\n<div class=\"wp-block-column is-layout-flow\">\n<p class=\"has-text-align-center has-background\" style=\"background-color:#e4e6e6\"><strong>PLAN DE ESTUDIOS<\/strong><\/p>\n<\/div>\n<\/div>\n\n\n\n<div class=\"wp-block-columns is-layout-flex wp-container-4\">\n<div class=\"wp-block-column is-layout-flow\">\n<p class=\"has-text-align-center has-background\" style=\"background-color:#aeb1b3\">CICLO B\u00c1SICO COM\u00daN A LAS CUATRO ORIENTACIONES<\/p>\n<\/div>\n<\/div>\n\n\n\n<div class=\"wp-block-columns is-layout-flex wp-container-7\">\n<div class=\"wp-block-column is-layout-flow\" style=\"flex-basis:33.33%\">\n<p class=\"has-text-align-center has-vivid-green-cyan-background-color has-background\"><strong>1\u00b0 A\u00f1o<\/strong><\/p>\n<\/div>\n\n\n\n<div class=\"wp-block-column is-layout-flow\" style=\"flex-basis:66.66%\">\n<p class=\"has-pale-cyan-blue-background-color has-background\">Historia Social Argentina y Latinoamericana<\/p>\n\n\n\n<p class=\"has-light-green-cyan-background-color has-background\">Psicolog\u00eda General y Educacional<\/p>\n\n\n\n<p class=\"has-pale-cyan-blue-background-color has-background\">Iniciaci\u00f3n a la TICs<\/p>\n\n\n\n<p class=\"has-light-green-cyan-background-color has-background\">Aportes de la Sociolog\u00eda y Antropolog\u00eda a la Educaci\u00f3n<\/p>\n\n\n\n<p class=\"has-pale-cyan-blue-background-color has-background\">Lengua y Literatura<\/p>\n\n\n\n<p class=\"has-light-green-cyan-background-color has-background\">Ciencias Sociales<\/p>\n\n\n\n<p class=\"has-pale-cyan-blue-background-color has-background\">Teor\u00eda de la Educaci\u00f3n<\/p>\n\n\n\n<p class=\"has-light-green-cyan-background-color has-background\">Filosof\u00eda y Conocimiento<\/p>\n\n\n\n<p class=\"has-pale-cyan-blue-background-color has-background\">Desarrollo del Pensamiento Matem\u00e1tico<\/p>\n\n\n\n<p class=\"has-light-green-cyan-background-color has-background\">Ciencias Naturales<\/p>\n\n\n\n<p class=\"has-pale-cyan-blue-background-color has-background\">Sujeto de la Educaci\u00f3n<\/p>\n\n\n\n<p class=\"has-light-green-cyan-background-color has-background\">Pr\u00e1ctica I: Aproximaci\u00f3n a las instituciones socioculturales y educativas en su contexto <\/p>\n<\/div>\n<\/div>\n\n\n\n<div class=\"wp-block-columns is-layout-flex wp-container-10\">\n<div class=\"wp-block-column is-layout-flow\" style=\"flex-basis:33.33%\">\n<p class=\"has-text-align-center has-vivid-green-cyan-background-color has-background\"><strong>2\u00b0 A\u00f1o<\/strong><\/p>\n<\/div>\n\n\n\n<div class=\"wp-block-column is-layout-flow\" style=\"flex-basis:66.66%\">\n<p class=\"has-pale-cyan-blue-background-color has-background\">Estado, Sociedad y Educaci\u00f3n<\/p>\n\n\n\n<p class=\"has-light-green-cyan-background-color has-background\">Alfabetizaci\u00f3n<\/p>\n\n\n\n<p class=\"has-pale-cyan-blue-background-color has-background\">Did\u00e1ctica de la Matem\u00e1tica<\/p>\n\n\n\n<p class=\"has-light-green-cyan-background-color has-background\">Bases neuro-psico-biol\u00f3gicas del Desarrollo<\/p>\n\n\n\n<p class=\"has-pale-cyan-blue-background-color has-background\">Problemas Contempor\u00e1neos de la Educaci\u00f3n Especial e Inclusivas<\/p>\n\n\n\n<p class=\"has-light-green-cyan-background-color has-background\">Did\u00e1ctica de la Lengua<\/p>\n\n\n\n<p class=\"has-pale-cyan-blue-background-color has-background\">Did\u00e1ctica de las Ciencias Sociales<\/p>\n\n\n\n<p class=\"has-light-green-cyan-background-color has-background\">Did\u00e1ctica de las Ciencias Naturales<\/p>\n\n\n\n<p class=\"has-pale-cyan-blue-background-color has-background\">Did\u00e1ctica y Curriculum<\/p>\n\n\n\n<p class=\"has-light-green-cyan-background-color has-background\">Sujeto de la Educaci\u00f3n Especial I<\/p>\n\n\n\n<p class=\"has-pale-cyan-blue-background-color has-background\">Pr\u00e1ctica II: La Instituci\u00f3n escolar y las pr\u00e1cticas curriculares<\/p>\n<\/div>\n<\/div>\n\n\n\n<div class=\"wp-block-columns is-layout-flex wp-container-12\">\n<div class=\"wp-block-column is-layout-flow\">\n<p class=\"has-text-align-center has-vivid-purple-color has-text-color has-background has-medium-font-size\" style=\"background-color:#e4dfe8\"><strong>Profesorado de Educaci\u00f3n Especial con Orientaci\u00f3n en Sordos e Hipoac\u00fasicos (ciclo espec\u00edfico)<\/strong><\/p>\n<\/div>\n<\/div>\n\n\n\n<div class=\"wp-block-columns is-layout-flex wp-container-15\">\n<div class=\"wp-block-column is-layout-flow\" style=\"flex-basis:33.33%\">\n<p class=\"has-text-align-center has-luminous-vivid-orange-color has-luminous-vivid-amber-background-color has-text-color has-background\"><strong>3\u00b0 A\u00f1o<\/strong><\/p>\n<\/div>\n\n\n\n<div class=\"wp-block-column is-layout-flow\" style=\"flex-basis:66.66%\">\n<p class=\"has-background\" style=\"background-color:#efb58b\">Formaci\u00f3n \u00c9tica y Ciudadana<\/p>\n\n\n\n<p class=\"has-background\" style=\"background-color:#889d06\">Anatomoneuropatolog\u00eda de la Audici\u00f3n y fonaci\u00f3n<\/p>\n\n\n\n<p class=\"has-background\" style=\"background-color:#efb58b\">Tecnolog\u00eda de la Informaci\u00f3n y Comunicaci\u00f3n en Sujetos Sordos e Hipoacusicos<\/p>\n\n\n\n<p class=\"has-background\" style=\"background-color:#889d06\">Educaci\u00f3n Sexual Integral<\/p>\n\n\n\n<p class=\"has-background\" style=\"background-color:#efb58b\">Alteraciones en el Lenguaje y la Comunicaci\u00f3n<\/p>\n\n\n\n<p class=\"has-background\" style=\"background-color:#889d06\">Habilitaci\u00f3n Auditiva y del Lenguaje<\/p>\n\n\n\n<p class=\"has-background\" style=\"background-color:#efb58b\">Abordaje Pedag\u00f3gico con Discapacidad M\u00faltiple<\/p>\n\n\n\n<p class=\"has-background\" style=\"background-color:#889d06\">Sujeto de la Educaci\u00f3n Especial II<\/p>\n\n\n\n<p class=\"has-background\" style=\"background-color:#efb58b\">Did\u00e1ctica de la Lengua Oral I Nivel Inicial<\/p>\n\n\n\n<p class=\"has-background\" style=\"background-color:#889d06\">Lengua de Se\u00f1as Argentina<\/p>\n\n\n\n<p class=\"has-background\" style=\"background-color:#efb58b\">Pr\u00e1ctica III: El aula como escenario de pr\u00e1cticas de ense\u00f1anza, an\u00e1lisis y reflexi\u00f3n sobre las pr\u00e1cticas<\/p>\n<\/div>\n<\/div>\n\n\n\n<div class=\"wp-block-columns is-layout-flex wp-container-18\">\n<div class=\"wp-block-column is-layout-flow\" style=\"flex-basis:33.33%\">\n<p class=\"has-text-align-center has-luminous-vivid-orange-color has-luminous-vivid-amber-background-color has-text-color has-background\"><strong>4\u00b0 A\u00f1o<\/strong><\/p>\n<\/div>\n\n\n\n<div class=\"wp-block-column is-layout-flow\" style=\"flex-basis:66.66%\">\n<p class=\"has-background\" style=\"background-color:#f0bcc9\">\u00c9tica Profesional Docente<\/p>\n\n\n\n<p class=\"has-vivid-cyan-blue-background-color has-background\">Investigaci\u00f3n Educativa<\/p>\n\n\n\n<p class=\"has-background\" style=\"background-color:#f0bcc9\">Inclusi\u00f3n Educativa y Trabajo Interdisciplinario<\/p>\n\n\n\n<p class=\"has-vivid-cyan-blue-background-color has-background\">Lenguajes Art\u00edsticos Expresi\u00f3n Corporal y Teatro<\/p>\n\n\n\n<p class=\"has-background\" style=\"background-color:#f0bcc9\">Did\u00e1ctica de la Lengua Oral II Nivel Primario<\/p>\n\n\n\n<p class=\"has-vivid-cyan-blue-background-color has-background\">Pr\u00e1ctica IV: Residencia Pedag\u00f3gica, Trabajo y Rol Docente<\/p>\n\n\n\n<p class=\"has-background\" style=\"background-color:#f0bcc9\">UDI I<\/p>\n\n\n\n<p class=\"has-vivid-cyan-blue-background-color has-background\">UDI II<\/p>\n\n\n\n<p class=\"has-background\" style=\"background-color:#f0bcc9\">UDI III<\/p>\n<\/div>\n<\/div>\n","protected":false},"excerpt":{"rendered":"<p>&nbsp; PLAN DE ESTUDIOS CICLO B\u00c1SICO COM\u00daN A LAS CUATRO ORIENTACIONES 1\u00b0 A\u00f1o Historia Social Argentina y Latinoamericana Psicolog\u00eda General y Educacional Iniciaci\u00f3n a la TICs Aportes de la Sociolog\u00eda y Antropolog\u00eda a la Educaci\u00f3n Lengua y Literatura Ciencias Sociales Teor\u00eda de la Educaci\u00f3n Filosof\u00eda y Conocimiento Desarrollo del Pensamiento Matem\u00e1tico Ciencias Naturales Sujeto de &#8230; <a title=\"Profesorado de Educaci\u00f3n Especial con Orientaci\u00f3n en Sordos e Hipoac\u00fasicos\" class=\"read-more\" href=\"https:\/\/pesmartinez-sjn.infd.edu.ar\/sitio\/profesorado-de-educacion-especial-con-orientacion-en-sordos-e-hipoacusicos\/\" aria-label=\"More on Profesorado de Educaci\u00f3n Especial con Orientaci\u00f3n en Sordos e Hipoac\u00fasicos\">[+]<\/a><\/p>\n","protected":false},"author":574,"featured_media":0,"parent":0,"menu_order":0,"comment_status":"closed","ping_status":"closed","template":"","meta":[],"acf":[],"_links":{"self":[{"href":"https:\/\/pesmartinez-sjn.infd.edu.ar\/sitio\/wp-json\/wp\/v2\/pages\/747"}],"collection":[{"href":"https:\/\/pesmartinez-sjn.infd.edu.ar\/sitio\/wp-json\/wp\/v2\/pages"}],"about":[{"href":"https:\/\/pesmartinez-sjn.infd.edu.ar\/sitio\/wp-json\/wp\/v2\/types\/page"}],"author":[{"embeddable":true,"href":"https:\/\/pesmartinez-sjn.infd.edu.ar\/sitio\/wp-json\/wp\/v2\/users\/574"}],"replies":[{"embeddable":true,"href":"https:\/\/pesmartinez-sjn.infd.edu.ar\/sitio\/wp-json\/wp\/v2\/comments?post=747"}],"version-history":[{"count":9,"href":"https:\/\/pesmartinez-sjn.infd.edu.ar\/sitio\/wp-json\/wp\/v2\/pages\/747\/revisions"}],"predecessor-version":[{"id":1722,"href":"https:\/\/pesmartinez-sjn.infd.edu.ar\/sitio\/wp-json\/wp\/v2\/pages\/747\/revisions\/1722"}],"wp:attachment":[{"href":"https:\/\/pesmartinez-sjn.infd.edu.ar\/sitio\/wp-json\/wp\/v2\/media?parent=747"}],"curies":[{"name":"wp","href":"https:\/\/api.w.org\/{rel}","templated":true}]}}