{"id":779,"date":"2018-06-28T02:01:35","date_gmt":"2018-06-28T05:01:35","guid":{"rendered":"https:\/\/pesmartinez-sjn.infd.edu.ar\/sitio\/autoridades\/"},"modified":"2024-10-25T08:02:43","modified_gmt":"2024-10-25T11:02:43","slug":"autoridades","status":"publish","type":"page","link":"https:\/\/pesmartinez-sjn.infd.edu.ar\/sitio\/autoridades\/","title":{"rendered":"Autoridades"},"content":{"rendered":"\n<p><\/p>\n\n\n\n<h6 class=\"wp-block-heading has-text-align-center has-small-font-size\"><\/h6>\n\n\n\n<h6 class=\"wp-block-heading has-text-align-center has-small-font-size\"> <strong><span style=\"color: #c4710c;\"> <\/span><\/strong><\/h6>\n\n\n\n<div class=\"wp-block-media-text alignwide is-stacked-on-mobile\" style=\"grid-template-columns:15% auto\"><figure class=\"wp-block-media-text__media\"><img decoding=\"async\" loading=\"lazy\" width=\"153\" height=\"261\" src=\"https:\/\/pesmartinez-sjn.infd.edu.ar\/sitio\/wp-content\/uploads\/2024\/10\/IMG-20240703-WA0029_2.jpg\" alt=\"\" class=\"wp-image-2067 size-full\"\/><\/figure><div class=\"wp-block-media-text__content\">\n<h2 class=\"wp-block-heading\">Rectora<strong>:<\/strong><\/h2>\n\n\n\n<p><\/p>\n\n\n\n<h2 class=\"wp-block-heading\"><strong><mark style=\"background-color:rgba(0, 0, 0, 0)\" class=\"has-inline-color has-vivid-red-color\">Lic. Prof. Patricia Zuliani <\/mark><\/strong><\/h2>\n\n\n\n<p><\/p>\n<\/div><\/div>\n\n\n\n<div class=\"wp-block-media-text alignwide is-stacked-on-mobile\" style=\"grid-template-columns:15% auto\"><figure class=\"wp-block-media-text__media\"><img decoding=\"async\" loading=\"lazy\" width=\"161\" height=\"230\" src=\"https:\/\/pesmartinez-sjn.infd.edu.ar\/sitio\/wp-content\/uploads\/2024\/10\/IMG-20240703-WA0029_3.jpg\" alt=\"\" class=\"wp-image-2068 size-full\"\/><\/figure><div class=\"wp-block-media-text__content\">\n<h2 class=\"wp-block-heading\">Vice Rector<strong>:<\/strong><\/h2>\n\n\n\n<p><\/p>\n\n\n\n<h2 class=\"wp-block-heading\"><strong><mark style=\"background-color:rgba(0, 0, 0, 0)\" class=\"has-inline-color has-vivid-red-color\"><strong><mark style=\"background-color:rgba(0, 0, 0, 0)\" class=\"has-inline-color has-vivid-red-color\">Lic. Prof.<\/mark><\/strong> Esteban Montilla <\/mark><\/strong><\/h2>\n\n\n\n<p><\/p>\n<\/div><\/div>\n\n\n\n<div class=\"wp-block-media-text alignwide is-stacked-on-mobile\" style=\"grid-template-columns:15% auto\"><figure class=\"wp-block-media-text__media\"><img decoding=\"async\" loading=\"lazy\" width=\"142\" height=\"265\" src=\"https:\/\/pesmartinez-sjn.infd.edu.ar\/sitio\/wp-content\/uploads\/2024\/10\/IMG-20240703-WA00291.jpg\" alt=\"\" class=\"wp-image-2081 size-full\"\/><\/figure><div class=\"wp-block-media-text__content\">\n<h2 class=\"wp-block-heading\">Regente<strong>:<\/strong><\/h2>\n\n\n\n<p><\/p>\n\n\n\n<h2 class=\"wp-block-heading\"><strong><mark style=\"background-color:rgba(0, 0, 0, 0)\" class=\"has-inline-color has-vivid-red-color\">Prof. Esp. Agostina Botta<\/mark><\/strong><\/h2>\n\n\n\n<p><\/p>\n<\/div><\/div>\n\n\n\n<p><\/p>\n\n\n\n<h6 class=\"wp-block-heading has-small-font-size\"><strong><br><\/strong><\/h6>\n\n\n\n<div style=\"height:100px\" aria-hidden=\"true\" class=\"wp-block-spacer\"><\/div>\n\n\n\n<div class=\"wp-block-media-text alignwide is-stacked-on-mobile\" style=\"grid-template-columns:15% auto\"><figure class=\"wp-block-media-text__media\"><img decoding=\"async\" loading=\"lazy\" width=\"618\" height=\"983\" src=\"https:\/\/pesmartinez-sjn.infd.edu.ar\/sitio\/wp-content\/uploads\/2022\/09\/IMG_3369.jpg\" alt=\"\" class=\"wp-image-1343 size-full\"\/><\/figure><div class=\"wp-block-media-text__content\">\n<h2 class=\"wp-block-heading\"><strong>Prosecretaria:<\/strong><\/h2>\n\n\n\n<p><\/p>\n\n\n\n<h2 class=\"wp-block-heading\"><strong><span class=\"has-inline-color has-vivid-red-color\">Geraldine Morelly<\/span><\/strong><\/h2>\n\n\n\n<p><\/p>\n<\/div><\/div>\n\n\n\n<p><\/p>\n\n\n\n<h6 class=\"wp-block-heading has-text-align-center\"><\/h6>\n\n\n\n<div style=\"height:100px\" aria-hidden=\"true\" class=\"wp-block-spacer\"><\/div>\n\n\n\n<div class=\"wp-block-media-text alignwide is-stacked-on-mobile\" style=\"grid-template-columns:15% auto\"><figure class=\"wp-block-media-text__media\"><img decoding=\"async\" loading=\"lazy\" width=\"441\" height=\"767\" src=\"https:\/\/pesmartinez-sjn.infd.edu.ar\/sitio\/wp-content\/uploads\/2022\/09\/IMG_3366.jpg\" alt=\"\" class=\"wp-image-1341 size-full\"\/><\/figure><div class=\"wp-block-media-text__content\">\n<p class=\"has-large-font-size\"><strong>Dpto.<strong> de Formaci\u00f3n&nbsp;Inicial:<\/strong><\/strong><\/p>\n\n\n\n<h2 class=\"wp-block-heading\"><strong><mark style=\"background-color:rgba(0, 0, 0, 0)\" class=\"has-inline-color has-vivid-red-color\">Prof. Cecilia Sosa<\/mark><\/strong><\/h2>\n<\/div><\/div>\n\n\n\n<div class=\"wp-block-media-text alignwide is-stacked-on-mobile\" style=\"grid-template-columns:15% auto\"><figure class=\"wp-block-media-text__media\"><img decoding=\"async\" loading=\"lazy\" width=\"388\" height=\"528\" src=\"https:\/\/pesmartinez-sjn.infd.edu.ar\/sitio\/wp-content\/uploads\/2022\/09\/laura.jpeg\" alt=\"\" class=\"wp-image-1349 size-full\"\/><\/figure><div class=\"wp-block-media-text__content\">\n<p class=\"has-large-font-size\"><strong>Dpto. de Desarrollo Profesional Docente:&nbsp;<\/strong><\/p>\n\n\n\n<h2 class=\"wp-block-heading\"><strong><span class=\"has-inline-color has-vivid-red-color\">Prof. Laura Jim\u00e9nez&nbsp;<\/span><\/strong><\/h2>\n\n\n\n<p><\/p>\n\n\n\n<p><\/p>\n<\/div><\/div>\n\n\n\n<div class=\"wp-block-media-text alignwide is-stacked-on-mobile\" style=\"grid-template-columns:15% auto\"><figure class=\"wp-block-media-text__media\"><img decoding=\"async\" loading=\"lazy\" width=\"783\" height=\"1103\" src=\"https:\/\/pesmartinez-sjn.infd.edu.ar\/sitio\/wp-content\/uploads\/2023\/10\/foto-jefa-investigacion.jpeg\" alt=\"\" class=\"wp-image-1882 size-full\" srcset=\"https:\/\/pesmartinez-sjn.infd.edu.ar\/sitio\/wp-content\/uploads\/2023\/10\/foto-jefa-investigacion.jpeg 783w, https:\/\/pesmartinez-sjn.infd.edu.ar\/sitio\/wp-content\/uploads\/2023\/10\/foto-jefa-investigacion-710x1000.jpeg 710w, https:\/\/pesmartinez-sjn.infd.edu.ar\/sitio\/wp-content\/uploads\/2023\/10\/foto-jefa-investigacion-768x1082.jpeg 768w\" sizes=\"(max-width: 783px) 100vw, 783px\" \/><\/figure><div class=\"wp-block-media-text__content\">\n<p class=\"has-large-font-size\"><strong>Dpto.<strong> de <\/strong>Investigaci\u00f3n<strong>:<\/strong><\/strong><\/p>\n\n\n\n<h2 class=\"wp-block-heading has-contrast-color has-text-color\"><strong><mark style=\"background-color:rgba(0, 0, 0, 0)\" class=\"has-inline-color has-vivid-red-color\">Prof. Marcela Karina Rodriguez <\/mark><\/strong><\/h2>\n\n\n\n<p><\/p>\n<\/div><\/div>\n\n\n\n<p><\/p>\n\n\n\n<div style=\"height:100px\" aria-hidden=\"true\" class=\"wp-block-spacer\"><\/div>\n\n\n\n<p><span style=\"color: #cc6600; font-family: Arial; font-size: 12pt;\"><strong>&nbsp;<\/strong><\/span><\/p>\n\n\n\n<h2 class=\"wp-block-heading\"><strong>CONSEJO CONSULTIVO:<\/strong> <\/h2>\n\n\n\n<p><\/p>\n\n\n\n<div class=\"wp-block-columns is-layout-flex wp-container-3\">\n<div class=\"wp-block-column is-layout-flow\" style=\"flex-basis:33.33%\">\n<p class=\"has-background\" style=\"background:radial-gradient(rgb(255,245,203) 0%,rgb(182,227,212) 50%,rgb(51,167,181) 100%)\"><strong>Consejeros Docentes (Titulares)<\/strong><\/p>\n<\/div>\n\n\n\n<div class=\"wp-block-column is-layout-flow\" style=\"flex-basis:66.66%\">\n<p class=\"has-background\" style=\"background:linear-gradient(135deg,rgb(238,238,238) 0%,rgb(169,184,195) 23%)\">Prof. Jimenez, Laura<\/p>\n\n\n\n<p class=\"has-background\" style=\"background:linear-gradient(135deg,rgb(238,238,238) 0%,rgb(169,184,195) 23%)\">Prof. Ca\u00f1as, Jos\u00e9 \u00c1ngel<\/p>\n\n\n\n<p class=\"has-background\" style=\"background:linear-gradient(135deg,rgb(238,238,238) 0%,rgb(169,184,195) 23%)\">Prof. Carelli, Silvina<\/p>\n\n\n\n<p class=\"has-background\" style=\"background:linear-gradient(135deg,rgb(238,238,238) 0%,rgb(169,184,195) 23%)\">Prof. Fern\u00e1ndez, Clarita<\/p>\n<\/div>\n<\/div>\n\n\n\n<div class=\"wp-block-columns is-layout-flex wp-container-6\">\n<div class=\"wp-block-column is-layout-flow\" style=\"flex-basis:33.33%\">\n<p class=\"has-pale-ocean-gradient-background has-background\"><strong>Consejeros Docentes (Suplentes)<\/strong><\/p>\n<\/div>\n\n\n\n<div class=\"wp-block-column is-layout-flow\" style=\"flex-basis:66.66%\">\n<p class=\"has-very-light-gray-to-cyan-bluish-gray-gradient-background has-background\">Prof. Atencio, Bibiana<\/p>\n\n\n\n<p class=\"has-very-light-gray-to-cyan-bluish-gray-gradient-background has-background\">Prof. Puleri, Juan Alberto<\/p>\n\n\n\n<p class=\"has-very-light-gray-to-cyan-bluish-gray-gradient-background has-background\">Prof. Rodr\u00edguez, Marcela<\/p>\n\n\n\n<p class=\"has-very-light-gray-to-cyan-bluish-gray-gradient-background has-background\">Prof. Godoy, Fernando<\/p>\n<\/div>\n<\/div>\n\n\n\n<div class=\"wp-block-columns is-layout-flex wp-container-9\">\n<div class=\"wp-block-column is-layout-flow\" style=\"flex-basis:33.33%\">\n<p class=\"has-background\" style=\"background:radial-gradient(rgb(255,245,203) 0%,rgb(182,227,212) 50%,rgb(51,167,181) 100%)\"><strong>Consejeros Alumnos<\/strong><\/p>\n<\/div>\n\n\n\n<div class=\"wp-block-column is-layout-flow\" style=\"flex-basis:66.66%\">\n<p class=\"has-background\" style=\"background:linear-gradient(135deg,rgb(238,238,238) 8%,rgb(169,184,195) 35%)\">Claver\u00eda, Leonel (Titular)<\/p>\n\n\n\n<p class=\"has-background\" style=\"background:linear-gradient(135deg,rgb(238,238,238) 8%,rgb(169,184,195) 35%)\">Perez, Agustina (Titular)<\/p>\n\n\n\n<p class=\"has-background\" style=\"background:linear-gradient(135deg,rgb(238,238,238) 0%,rgb(169,184,195) 97%)\">Hierrezuelo, Gabriela (Suplente)<\/p>\n\n\n\n<p class=\"has-background\" style=\"background:linear-gradient(135deg,rgb(238,238,238) 0%,rgb(169,184,195) 97%)\">Molina, Daniela (Suplente)<\/p>\n<\/div>\n<\/div>\n\n\n\n<div class=\"wp-block-columns is-layout-flex wp-container-12\">\n<div class=\"wp-block-column is-layout-flow\" style=\"flex-basis:33.33%\">\n<p class=\"has-pale-ocean-gradient-background has-background\"><strong>Consejeros Egresados<\/strong><\/p>\n<\/div>\n\n\n\n<div class=\"wp-block-column is-layout-flow\" style=\"flex-basis:66.66%\">\n<p class=\"has-background\" style=\"background:linear-gradient(135deg,rgb(238,238,238) 0%,rgb(169,184,195) 19%)\">S\u00e1nchez, Mauricio (Titular)<\/p>\n\n\n\n<p class=\"has-background\" style=\"background:linear-gradient(135deg,rgb(238,238,238) 0%,rgb(169,184,195) 19%)\">S\u00e1nchez, Tamara (Titular)<\/p>\n\n\n\n<p class=\"has-very-light-gray-to-cyan-bluish-gray-gradient-background has-background\">Ram\u00edrez, Angie (Suplente)<\/p>\n\n\n\n<p class=\"has-very-light-gray-to-cyan-bluish-gray-gradient-background has-background\">Oliva, Yuliana (Suplente)<\/p>\n<\/div>\n<\/div>\n","protected":false},"excerpt":{"rendered":"<p>Rectora: Lic. Prof. Patricia Zuliani Vice Rector: Lic. Prof. Esteban Montilla Regente: Prof. Esp. Agostina Botta Prosecretaria: Geraldine Morelly Dpto. de Formaci\u00f3n&nbsp;Inicial: Prof. Cecilia Sosa Dpto. de Desarrollo Profesional Docente:&nbsp; Prof. Laura Jim\u00e9nez&nbsp; Dpto. de Investigaci\u00f3n: Prof. Marcela Karina Rodriguez &nbsp; CONSEJO CONSULTIVO: Consejeros Docentes (Titulares) Prof. Jimenez, Laura Prof. Ca\u00f1as, Jos\u00e9 \u00c1ngel Prof. Carelli, &#8230; <a title=\"Autoridades\" class=\"read-more\" href=\"https:\/\/pesmartinez-sjn.infd.edu.ar\/sitio\/autoridades\/\" aria-label=\"More on Autoridades\">[+]<\/a><\/p>\n","protected":false},"author":574,"featured_media":0,"parent":0,"menu_order":0,"comment_status":"closed","ping_status":"closed","template":"","meta":[],"acf":[],"_links":{"self":[{"href":"https:\/\/pesmartinez-sjn.infd.edu.ar\/sitio\/wp-json\/wp\/v2\/pages\/779"}],"collection":[{"href":"https:\/\/pesmartinez-sjn.infd.edu.ar\/sitio\/wp-json\/wp\/v2\/pages"}],"about":[{"href":"https:\/\/pesmartinez-sjn.infd.edu.ar\/sitio\/wp-json\/wp\/v2\/types\/page"}],"author":[{"embeddable":true,"href":"https:\/\/pesmartinez-sjn.infd.edu.ar\/sitio\/wp-json\/wp\/v2\/users\/574"}],"replies":[{"embeddable":true,"href":"https:\/\/pesmartinez-sjn.infd.edu.ar\/sitio\/wp-json\/wp\/v2\/comments?post=779"}],"version-history":[{"count":39,"href":"https:\/\/pesmartinez-sjn.infd.edu.ar\/sitio\/wp-json\/wp\/v2\/pages\/779\/revisions"}],"predecessor-version":[{"id":2084,"href":"https:\/\/pesmartinez-sjn.infd.edu.ar\/sitio\/wp-json\/wp\/v2\/pages\/779\/revisions\/2084"}],"wp:attachment":[{"href":"https:\/\/pesmartinez-sjn.infd.edu.ar\/sitio\/wp-json\/wp\/v2\/media?parent=779"}],"curies":[{"name":"wp","href":"https:\/\/api.w.org\/{rel}","templated":true}]}}